 -5091*d - 18 = -5100*d. Let a(j) = j**3 - 4*j**2 + 2*j - 4. Calculate a(d).
-8
Let p(z) = -z**3 - 10*z**2 - 15*z + 10. Let f be (-8)/(-52) + (9114/(-182))/7. Determine p(f).
-32
Let m(i) = 48*i - 671. Let j be m(14). Let g(h) = 7*h + 8. Give g(j).
15
Let l(z) be the first derivative of -17*z**2/2 + 26*z - 9508. What is l(1)?
9
Suppose 2*u - 4 = -0. Let t(g) = g - 1 + 2 + u*g. Let z(i) = -i**3 - i**2 + 11*i - 13. Let w be z(2). What is t(w)?
-8
Let c(q) = 2*q - 7. Suppose -5*o + 6*o = -3*j + 105, -2*o = 0. Suppose 0 = w - 2*r + 16, -r = -6*w + w - j. Calculate c(w).
-19
Suppose 3*c = -5*n + 22, 0 = c + n + 2 - 8. Let i(g) = -58*g - 60*g - 4 - 3*g**2 + 1 - 21*g + 143*g. Determine i(c).
-35
Suppose -5*w + 29 = -4*o, -10*w - 70 = 5*o - 5*w. Let m(f) = -f**3 - 10*f**2 + 12*f. Calculate m(o).
-11
Let p(j) = -4 + 2*j**3 - 197*j - 22*j**2 - 4*j**3 - 8*j**3 + 195*j. What is p(-2)?
-8
Let f(i) = 2*i**2 - i + 34. Let k(l) = -4*l**2 - 163*l - 120. Let w be k(-40). Calculate f(w).
34
Let d be 2/19 + ((-564)/(-19))/3. Let o(p) = 86*p - d - 39*p - 46*p. Determine o(0).
-10
Let q(s) be the first derivative of 1/3*s**3 + 3*s + 62 - 4*s**2. What is q(5)?
-12
Let y(z) = 109*z**3 - 4*z**2 + 44*z + 61. Let k(q) = 39*q**3 - q**2 + 15*q + 20. Let p(s) = 14*k(s) - 5*y(s). Give p(-7).
-4
Let g(l) be the first derivative of -l**2/2 - 7*l + 9822. Determine g(14).
-21
Let m(k) = -k**3 + k**2 + 12*k + 45. Let t be m(-3). Let i = 101 + -60. Let f = i - t. Let d(v) = v**2 + 2*v + 1. Give d(f).
9
Let c = -70 + 101. Let x = c - 29. Let i(w) = -3 + 3 + 3*w - x + 6. Determine i(-4).
-8
Let c(l) = -l**3 + 16*l**2 - 3*l + 41. Let w be c(16). Let p(r) = 1282*r - 2*r**2 + r**2 - 1291*r. What is p(w)?
14
Let r(m) = -7 + 12*m - 6*m - m**2 - 11*m. Suppose 2*o = -c - 12, -c = 6*o - o + 21. Determine r(c).
-13
Let i be 2 - 3 - (-2176)/68. Let m(a) = -a**3 + 29*a**2 + 59*a + 93. Determine m(i).
0
Suppose -7*z + 43 - 15 = 0. Let r be z + (8/(-3))/((-16)/(-48)). Let p(s) = -s**2 - 5*s + 6. Determine p(r).
10
Let c(j) be the second derivative of j**4/4 - 2*j**3 - 63*j**2/2 - 691*j - 8. Give c(-4).
33
Let l(a) = -1 - a + a**2 + 12*a**3 + 2 - 2. Suppose 5*g + 7*s = 6*s + 22, -4*g - s + 18 = 0. Let k(u) = -2*u**2 + 3*u + 19. Let w be k(g). Determine l(w).
-11
Let q = -29 - -23. Let u(o) be the second derivative of o**3/6 + 5*o**2/2 - 437*o. Give u(q).
-1
Let t(p) = -10*p**3 - p**2 + p + 1. Suppose 12*r - 11*r - 46 = 0. Let u = r + -43. Suppose u*w = 74 - 77. Determine t(w).
9
Let r(m) = -13*m**3 - 2*m**2 - 4*m + 1. Let o(p) = -52*p**3 - 9*p**2 - 18*p + 5. Suppose 9*w - 54 = 27. Let i(c) = w*r(c) - 2*o(c). Calculate i(-1).
12
Let d(x) = -2*x**3 + 3*x**2 + 3*x + 1. Let z be d(-2). Suppose 4*q + 3*y = 36, -5*y - z + 73 = 5*q. Let k(h) = -h**3 + 5*h**2 + 6*h - 6. What is k(q)?
-6
Let f(m) be the second derivative of m**7/840 + m**6/180 - m**5/30 - m**4/8 - 71*m**3/6 + m - 10. Let l(n) be the second derivative of f(n). Give l(-3).
0
Let g = -152 - -178. Let x(l) = -68 + 25 + l**2 + 24 + g - 3*l. Give x(6).
25
Let f(h) = -h**3 - 3*h**2 - 3*h + 5. Suppose -p = -3*i + 16, -i + 56 = -2*p + 44. What is f(p)?
33
Let l(d) = -d**2 + d - 4. Let u = 1041 - 579. Let k = 459 - u. What is l(k)?
-16
Let w(d) = 6*d**2 + 4*d + 22. Let b(a) = -a**3 + 5*a**2 + 3*a + 16. Let c(p) = 4*b(p) - 3*w(p). Give c(-1).
4
Let x(n) = 3*n**3 + 4*n**2 + 29*n - 290. Let z(w) = -4*w**3 - 8*w**2 - 43*w + 435. Let t(f) = -7*x(f) - 5*z(f). Give t(12).
-1
Let o(d) = d - 1. Let u(l) = 2*l + 27 - 8*l**2 - 12*l + 11*l**2 - 2*l**2. Let k be u(6). Determine o(k).
2
Let c(f) be the second derivative of f**2 - 1/3*f**3 - 1/12*f**4 + 0 + 170*f. Determine c(-4).
-6
Let n(w) = -2*w**2 + 19*w - 10. Suppose 11467*f + 36 + 20 = 11481*f. What is n(f)?
34
Let v(h) = -23*h - 57. Let y(x) = -7*x - 19. Let k(c) = 2*v(c) - 7*y(c). Let f(n) = -10*n - 58. Let l(b) = 5*f(b) + 16*k(b). Give l(7).
0
Let h(x) = -2*x**2 + 16*x + 16. Let w be h(0). Let b(c) = -c**2 + 13*c + 14. Give b(w).
-34
Let c(g) be the third derivative of -g**6/120 + g**5/10 + 5*g**4/24 - 17*g**3/6 + 80*g**2 - 21*g. Give c(3).
25
Let h = 583 - 583. Let k(z) = 3 - 9*z + 10*z - 3. What is k(h)?
0
Let t be 1 + -9 - (-226 + 226). Let i(h) = -h**2 - 11*h - 8. Give i(t).
16
Let r(p) = -20*p + 40. Suppose -8*t = -b - 6*t, 4*t - 8 = -2*b. Give r(b).
0
Let j(w) = 184 - w - 184 + 2*w**3 - 3*w**2 + 4*w**2. Let g(q) be the third derivative of q**4/24 - 7*q**3/6 - 3*q**2. Let x be g(5). Calculate j(x).
-10
Suppose -4*i + 2 = -2. Let a(b) = 29*b + 328. Let n(p) = -5*p - 57. Let m(c) = 4*a(c) + 23*n(c). Give m(i).
2
Let z(i) = -5*i - 7. Let f(y) = 5*y - 10. Let p be f(2). Let j(t) = t**2 + p*t - 2*t + 14*t - 37 - 13. Let l be j(-15). What is z(l)?
18
Let a(d) be the second derivative of d**3/6 - 125*d. Let t be (-4 + 3)/((-14)/(-5) + -3). What is a(t)?
5
Let q(y) = y**3 - 7*y**2 + 4*y + 7. Let k(c) = 146*c + 90. Let t(x) = -23*x - 15. Let n(i) = -6*k(i) - 38*t(i). Let u = -15 + 27. Let g be n(u). Determine q(g).
-5
Let o(q) be the first derivative of q**4/2 + 2*q**3 - 9*q**2/2 - 1310. Give o(-4).
4
Let l(d) be the third derivative of -d**6/120 - d**5/12 - d**4/8 + d**3/6 - 13*d**2. Let a = 1897 + -1902. Give l(a).
16
Let o(y) = -2*y + 10. Let m be ((-74)/(-26) - 42/(-273)) + -2. Let d(v) = 31*v + 1. Let s be d(-1). Let k be m/2 + s/(-4). Give o(k).
-6
Let o(n) = n**2 + 3 + 0*n**3 + n**3 - 1 + 2*n**2. Suppose -18 = -7*b + 3. Suppose 0 = b*q + 2*q + 10. Determine o(q).
6
Let k(c) = 5*c**2 + 1 + 8 - c - 15*c**2 - 6 - 10*c**2. Give k(-2).
-75
Let j(a) = -11*a - 346. Let l(g) = 8*g - 345. Let x(y) = -3*j(y) + 2*l(y). Give x(-7).
5
Suppose 6*d - 61 = -187. Let r(j) = 11*j + 236. Let t be r(d). Let b(l) = l**3 - 6*l**2 + 5. What is b(t)?
-20
Let n(k) be the third derivative of -k**7/5040 - k**6/180 - k**5/60 + k**2. Let x(g) be the third derivative of n(g). Let i = 553 + -557. Determine x(i).
0
Let x(p) be the second derivative of 1/20*p**5 + 2*p - 7/3*p**3 - 2 + p**2 + 13/12*p**4. Calculate x(-14).
2
Let b(t) = 7*t**2 + 4*t + 12. Let k(q) = 2*q**2 - 2*q + 1. Let p(v) = -b(v) + 3*k(v). Suppose -4*j - 56 = 5*w - 10, -4*w = -4*j - 28. Determine p(j).
0
Suppose -d = -a + 4, 2*d + 2*d = -2*a + 14. Let c(p) = 0 - p - p**2 + 1 - a + 1. Let v(g) = -1. Let o(m) = c(m) - 3*v(m). Give o(-1).
0
Let h be (7/98*-8)/(4/(-14)). Let y(f) = -3 + f - f**h - 25*f + 17*f. Determine y(-6).
3
Let n(a) = -2*a**3 - a**2 + 1. Suppose 820 - 865 = -5*r. Suppose -r*v = -13 + 22. Determine n(v).
2
Let b(l) = -15392*l**2 + 0*l - 4*l + 7695*l**2 + 7693*l**2 - 4*l**3. Calculate b(-1).
4
Let t(k) = 78*k**3 - 108*k**2 + 92*k - 3. Let x(v) = 25*v**3 - 35*v**2 + 30*v - 1. Let r(f) = -6*t(f) + 19*x(f). Give r(1).
7
Let a(p) be the first derivative of -p**5/20 - p**4/12 + p**3/6 + 53*p + 26. Let o(n) be the first derivative of a(n). What is o(-2)?
2
Let f(s) = -3*s**3 + s**2 - 2*s. Let u(h) = -7*h**3 - 13*h**2 + 13*h - 34. Let j(l) = -2*f(l) + u(l). Calculate j(-16).
-50
Let z(t) be the second derivative of t**3/6 - 24*t**2 - 9218*t. What is z(38)?
-10
Let n(p) = -209*p + 2098. Let k be n(10). Let j(q) = q**2 - 8*q + 9. What is j(k)?
9
Let t(s) = s**3 - s**2 - 2*s - 5. Suppose -18*l + 24*l - 966 = 0. Suppose 0 = -3*q + 161 - l. What is t(q)?
-5
Let r(w) = w**3 - 6*w**2 - 2*w + 1. Let v(n) = 3*n**3 - 38*n**2 - 11*n + 10. Let a(i) = -5*r(i) + v(i). Calculate a(-4).
9
Let j(k) = -k + 14. Suppose -8*l - 8*l = -96. Suppose f = -2*w + 10, -3*w + l = -4*f - 9. What is j(w)?
9
Let w = 3 + 3. Let c(v) = -v**2 + v + 5. Let x(l) = -l**2 + 2*l + 4. Let t(s) = -3*c(s) + 4*x(s). Give t(w).
-5
Let d(q) = -2*q**3 + 2*q - 1. Let x(m) be the third derivative of 3*m**6/40 + m**5/15 - m**4/6 - 4*m**2. Let w(s) = 5*d(s) + x(s). What is w(4)?
19
Let q(f) = 3*f - 41. Let b = 4649 + -4637. Determine q(b).
-5
Suppose 0 = 8*v - 6*v + 2. Let s be 1*((-2)/v)/(-2). Let y(o) = -5*o**2 + 1 - 4*o**2 + 3*o**2. Determine y(s).
-5
Let d(t) = -63 - 33*t - 17*t + 85 - 64. What is d(-1)?
8
Suppose 0 = -48*z + 53*z - 25. Suppose 4*b = -z*o - 492, 5*o + 49 - 541 = 4*b. Let l = 116 + b. Let q(m) = -m**2 - 10*m - 1. Determine q(l).
20
Let w(c) be the second derivative of -c**4/4 - 2*c**3/3 + c**2/2 - 70*c. Let f(k) = 3*k**2 + 5*k - 1. Let v(i) = 2*f(i) + 3*w(i). Calculate v(1).
-4
Le